{"id":2470,"date":"2019-12-16T15:16:17","date_gmt":"2019-12-16T14:16:17","guid":{"rendered":"http:\/\/www.pension-gasthaus-doering.de\/new\/?page_id=2470"},"modified":"2025-08-04T20:46:31","modified_gmt":"2025-08-04T18:46:31","slug":"gasthaus","status":"publish","type":"page","link":"http:\/\/www.pension-gasthaus-doering.de\/new\/home\/gasthaus\/","title":{"rendered":"Gasthaus"},"content":{"rendered":"[vc_row row_type=&#8220;row&#8220; use_row_as_full_screen_section=&#8220;no&#8220; type=&#8220;full_width&#8220; angled_section=&#8220;no&#8220; text_align=&#8220;left&#8220; background_image_as_pattern=&#8220;without_pattern&#8220; css_animation=&#8220;&#8220; z_index=&#8220;&#8220;][vc_column][vc_gallery interval=&#8220;5&#8243; images=&#8220;2694,2697,2637,2634&#8243; img_size=&#8220;medium&#8220; onclick=&#8220;&#8220;][\/vc_column][vc_column][vc_column_text]\n<h1 style=\"text-align: center;\">Gasthaus D\u00f6ring<\/h1>\n[\/vc_column_text][vc_empty_space height=&#8220;20px&#8220;][\/vc_column][\/vc_row][vc_row row_type=&#8220;row&#8220; use_row_as_full_screen_section=&#8220;no&#8220; type=&#8220;full_width&#8220; angled_section=&#8220;no&#8220; text_align=&#8220;left&#8220; background_image_as_pattern=&#8220;without_pattern&#8220; css_animation=&#8220;&#8220; z_index=&#8220;&#8220; css=&#8220;.vc_custom_1579921355481{margin-top: 20px !important;margin-right: 25px !important;margin-left: 25px !important;}&#8220;][vc_column width=&#8220;1\/2&#8243;][vc_column_text]Das Gasthaus D\u00f6ring ist ein Familienbetrieb in der zweiten Generation und befindet sich im Pretschener Ortskern. Der urige Gastraum ist in 2 Bereiche aufgeteilt und bietet insgesamt ca. 40 Personen Platz. Im Sommer, bei sch\u00f6nem Wetter ist der gem\u00fctliche Biergarten vor dem Haus ge\u00f6ffnet und l\u00e4dt zum verweilen ein \u2013 hier ist Platz f\u00fcr ca. 25 Personen.<\/p>\n<p>F\u00fcr gr\u00f6\u00dfere Familienfeiern oder Veranstaltungen schlie\u00dft sich direkt an den Gastraum ein Saal an, hier k\u00f6nnen bis zu 120 Personen feiern ohne das es zu eng wird. F\u00fcr kleinere Feiern kann der Raum durch einen Vorhang abgeteilt werden und bietet auch so die optimale Atmosph\u00e4re.[\/vc_column_text][vc_empty_space height=&#8220;20px&#8220;][\/vc_column][vc_column width=&#8220;1\/2&#8243;][vc_column_text]Unsere Speisekarte hat f\u00fcr fast jeden Geschmack etwas zu bieten. Wir kochen vor allem Gerichte der lokalen K\u00fcche und\u00a0 verarbeiten gr\u00f6\u00dftenteils Lebensmittel aus der Region. Viele dieser Lebensmittel stammen aus streng kontrollierten und biologischen Anbau.<\/p>\n<p>Gerne liefern wir Ihnen auch Mittag- oder Abendessen oder auch ein Buffet f\u00fcr Ihre Party zuhause \u2013 ganz auf Ihre W\u00fcnsche zugeschnitten und frisch f\u00fcr sie zubereitet. Kommen Sie vorbei und wir besprechen die Details.<\/p>\n<h2>\u00a0<\/h2>\n<h2 style=\"text-align: left;\">Spezialit\u00e4ten &amp; Empfehlungen<\/h2>\n[\/vc_column_text][vc_column_text css=&#8220;.vc_custom_1580891061920{padding-top: 20px !important;padding-bottom: 20px !important;}&#8220;]\n<h5><strong>Spreewald-typische Fischgerichte,<\/strong><br \/>wie z.B. gebratenes Zanderfilet mit knusprigen Bratkartoffeln<br \/>und Gurkeneis garniert<\/h5>\n[\/vc_column_text][vc_column_text css=&#8220;.vc_custom_1580891040547{padding-top: 20px !important;padding-bottom: 20px !important;}&#8220;]\n<h5><strong>Zart gebratenes Rumpsteak<\/strong><br \/>nach Art des Hauses, mit Meerrettich<\/h5>\n[\/vc_column_text][vc_column_text css=&#8220;.vc_custom_1580891052173{padding-top: 20px !important;padding-bottom: 20px !important;}&#8220;]\n<h5><strong>Wildgerichte und saisonale Gem\u00fcsespezialit\u00e4ten<\/strong><br \/>wie z. B. Chicor\u00e9e\u00a0oder Meerrettich<\/h5>\n<p>Je nach Angebot und Saison.[\/vc_column_text][\/vc_column][vc_column width=&#8220;1\/2&#8243;][vc_gallery interval=&#8220;3&#8243; images=&#8220;2725,2722,2724,2721&#8243; img_size=&#8220;full&#8220;][\/vc_column][\/vc_row][vc_row row_type=&#8220;row&#8220; use_row_as_full_screen_section=&#8220;no&#8220; type=&#8220;full_width&#8220; angled_section=&#8220;no&#8220; text_align=&#8220;left&#8220; background_image_as_pattern=&#8220;without_pattern&#8220; css_animation=&#8220;&#8220; z_index=&#8220;&#8220; padding_top=&#8220;15&#8243; css=&#8220;.vc_custom_1580848697376{padding-bottom: 20px !important;background-color: #efe7c9 !important;}&#8220; padding_bottom=&#8220;10&#8243;][vc_column width=&#8220;1\/3&#8243;][vc_single_image image=&#8220;2881&#8243; img_size=&#8220;full&#8220; qode_css_animation=&#8220;&#8220;][\/vc_column][vc_column width=&#8220;1\/3&#8243;][vc_single_image image=&#8220;2723&#8243; img_size=&#8220;full&#8220; qode_css_animation=&#8220;&#8220;][\/vc_column][vc_column width=&#8220;1\/3&#8243;][vc_single_image image=&#8220;2629&#8243; img_size=&#8220;full&#8220; qode_css_animation=&#8220;&#8220;][\/vc_column][\/vc_row][vc_row row_type=&#8220;row&#8220; use_row_as_full_screen_section=&#8220;no&#8220; type=&#8220;full_width&#8220; angled_section=&#8220;no&#8220; text_align=&#8220;left&#8220; background_image_as_pattern=&#8220;without_pattern&#8220; css_animation=&#8220;&#8220; z_index=&#8220;&#8220; css=&#8220;.vc_custom_1579951345852{background-color: #f0f0f0 !important;}&#8220;][vc_column width=&#8220;1\/2&#8243; css=&#8220;.vc_custom_1579951474090{margin-left: 0px !important;}&#8220;][vc_single_image image=&#8220;2742&#8243; img_size=&#8220;full&#8220; qode_css_animation=&#8220;&#8220;][\/vc_column][vc_column width=&#8220;1\/2&#8243; css=&#8220;.vc_custom_1579951554525{margin-left: 10px !important;padding-right: 25px !important;}&#8220;][vc_empty_space height=&#8220;20px&#8220;][vc_column_text css=&#8220;.vc_custom_1579817772510{padding-top: 20px !important;padding-bottom: 20px !important;}&#8220;]\n<h2>Eisspezialit\u00e4ten aus eigener Herstellung<\/h2>\n[\/vc_column_text][vc_column_text css=&#8220;.vc_custom_1580891123493{padding-right: 10px !important;}&#8220;]\n<div class=\"ce_text block\">\n<p class=\"Text\">Zum Dessert empfehlen wir Ihnen unser Speiseeis, dass ebenfalls schon seit zwei Generationen bei uns im Haus hergestellt wird. Wir verwenden f\u00fcr die Herstellung Bio-Milch vom ortsans\u00e4ssigen Landgut Pretschen GmbH.<\/p>\n<p class=\"Text\">Genie\u00dfen Sie eine gro\u00dfe Auswahl verschiedenster Eissorten und lassen Sie sich lecker erfrischen. Auf unserer Eiskarte finden Sie verschiedene Eisbecher-Varianten, da ist sicher auch etwas f\u00fcr Ihren Geschmack dabei.<\/p>\n<\/div>\n[\/vc_column_text][\/vc_column][vc_column][\/vc_column][\/vc_row]\n\n\n<p><\/p>\n","protected":false},"excerpt":{"rendered":"<p>[vc_row row_type=&#8220;row&#8220; use_row_as_full_screen_section=&#8220;no&#8220; type=&#8220;full_width&#8220; angled_section=&#8220;no&#8220; text_align=&#8220;left&#8220; background_image_as_pattern=&#8220;without_pattern&#8220; css_animation=&#8220;&#8220; z_index=&#8220;&#8220;][vc_column][vc_gallery interval=&#8220;5&#8243; images=&#8220;2694,2697,2637,2634&#8243; img_size=&#8220;medium&#8220; onclick=&#8220;&#8220;][\/vc_column][vc_column][vc_column_text] Gasthaus D\u00f6ring [\/vc_column_text][vc_empty_space height=&#8220;20px&#8220;][\/vc_column][\/vc_row][vc_row row_type=&#8220;row&#8220; use_row_as_full_screen_section=&#8220;no&#8220; type=&#8220;full_width&#8220; angled_section=&#8220;no&#8220; text_align=&#8220;left&#8220; background_image_as_pattern=&#8220;without_pattern&#8220; css_animation=&#8220;&#8220; z_index=&#8220;&#8220; css=&#8220;.vc_custom_1579921355481{margin-top: 20px !important;margin-right: 25px !important;margin-left: 25px !important;}&#8220;][vc_column width=&#8220;1\/2&#8243;][vc_column_text]Das Gasthaus D\u00f6ring ist ein Familienbetrieb in der zweiten Generation und befindet sich&#8230;<\/p>\n","protected":false},"author":1,"featured_media":0,"parent":2156,"menu_order":0,"comment_status":"closed","ping_status":"closed","template":"full_width.php","meta":{"footnotes":""},"class_list":["post-2470","page","type-page","status-publish","hentry"],"_links":{"self":[{"href":"http:\/\/www.pension-gasthaus-doering.de\/new\/wp-json\/wp\/v2\/pages\/2470","targetHints":{"allow":["GET"]}}],"collection":[{"href":"http:\/\/www.pension-gasthaus-doering.de\/new\/wp-json\/wp\/v2\/pages"}],"about":[{"href":"http:\/\/www.pension-gasthaus-doering.de\/new\/wp-json\/wp\/v2\/types\/page"}],"author":[{"embeddable":true,"href":"http:\/\/www.pension-gasthaus-doering.de\/new\/wp-json\/wp\/v2\/users\/1"}],"replies":[{"embeddable":true,"href":"http:\/\/www.pension-gasthaus-doering.de\/new\/wp-json\/wp\/v2\/comments?post=2470"}],"version-history":[{"count":131,"href":"http:\/\/www.pension-gasthaus-doering.de\/new\/wp-json\/wp\/v2\/pages\/2470\/revisions"}],"predecessor-version":[{"id":3276,"href":"http:\/\/www.pension-gasthaus-doering.de\/new\/wp-json\/wp\/v2\/pages\/2470\/revisions\/3276"}],"up":[{"embeddable":true,"href":"http:\/\/www.pension-gasthaus-doering.de\/new\/wp-json\/wp\/v2\/pages\/2156"}],"wp:attachment":[{"href":"http:\/\/www.pension-gasthaus-doering.de\/new\/wp-json\/wp\/v2\/media?parent=2470"}],"curies":[{"name":"wp","href":"https:\/\/api.w.org\/{rel}","templated":true}]}}

[vc_row row_type=&#8220;row&#8220; use_row_as_full_screen_section=&#8220;no&#8220; type=&#8220;full_width&#8220; angled_section=&#8220;no&#8220; text_align=&#8220;left&#8220; background_image_as_pattern=&#8220;without_pattern&#8220; css_animation=&#8220;&#8220; z_index=&#8220;&#8220;][vc_column][vc_gallery interval=&#8220;5&#8243; images=&#8220;2694,2697,2637,2634&#8243; img_size=&#8220;medium&#8220; onclick=&#8220;&#8220;][/vc_column][vc_column][vc_column_text]
<h1 style="text-align: center;">Gasthaus Döring</h1>
[/vc_column_text][vc_empty_space height=&#8220;20px&#8220;][/vc_column][/vc_row][vc_row row_type=&#8220;row&#8220; use_row_as_full_screen_section=&#8220;no&#8220; type=&#8220;full_width&#8220; angled_section=&#8220;no&#8220; text_align=&#8220;left&#8220; background_image_as_pattern=&#8220;without_pattern&#8220; css_animation=&#8220;&#8220; z_index=&#8220;&#8220; css=&#8220;.vc_custom_1579921355481{margin-top: 20px !important;margin-right: 25px !important;margin-left: 25px !important;}&#8220;][vc_column width=&#8220;1/2&#8243;][vc_column_text]Das Gasthaus Döring ist ein Familienbetrieb in der zweiten Generation und befindet sich im Pretschener Ortskern. Der urige Gastraum ist in 2 Bereiche aufgeteilt und bietet insgesamt ca. 40 Personen Platz. Im Sommer, bei schönem Wetter ist der gemütliche Biergarten vor dem Haus geöffnet und lädt zum verweilen ein – hier ist Platz für ca. 25 Personen.</p>
<p>Für größere Familienfeiern oder Veranstaltungen schließt sich direkt an den Gastraum ein Saal an, hier können bis zu 120 Personen feiern ohne das es zu eng wird. Für kleinere Feiern kann der Raum durch einen Vorhang abgeteilt werden und bietet auch so die optimale Atmosphäre.[/vc_column_text][vc_empty_space height=&#8220;20px&#8220;][/vc_column][vc_column width=&#8220;1/2&#8243;][vc_column_text]Unsere Speisekarte hat für fast jeden Geschmack etwas zu bieten. Wir kochen vor allem Gerichte der lokalen Küche und  verarbeiten größtenteils Lebensmittel aus der Region. Viele dieser Lebensmittel stammen aus streng kontrollierten und biologischen Anbau.</p>
<p>Gerne liefern wir Ihnen auch Mittag- oder Abendessen oder auch ein Buffet für Ihre Party zuhause – ganz auf Ihre Wünsche zugeschnitten und frisch für sie zubereitet. Kommen Sie vorbei und wir besprechen die Details.</p>
<h2> </h2>
<h2 style="text-align: left;">Spezialitäten &amp; Empfehlungen</h2>
[/vc_column_text][vc_column_text css=&#8220;.vc_custom_1580891061920{padding-top: 20px !important;padding-bottom: 20px !important;}&#8220;]
<h5><strong>Spreewald-typische Fischgerichte,</strong><br />wie z.B. gebratenes Zanderfilet mit knusprigen Bratkartoffeln<br />und Gurkeneis garniert</h5>
[/vc_column_text][vc_column_text css=&#8220;.vc_custom_1580891040547{padding-top: 20px !important;padding-bottom: 20px !important;}&#8220;]
<h5><strong>Zart gebratenes Rumpsteak</strong><br />nach Art des Hauses, mit Meerrettich</h5>
[/vc_column_text][vc_column_text css=&#8220;.vc_custom_1580891052173{padding-top: 20px !important;padding-bottom: 20px !important;}&#8220;]
<h5><strong>Wildgerichte und saisonale Gemüsespezialitäten</strong><br />wie z. B. Chicorée oder Meerrettich</h5>
<p>Je nach Angebot und Saison.[/vc_column_text][/vc_column][vc_column width=&#8220;1/2&#8243;][vc_gallery interval=&#8220;3&#8243; images=&#8220;2725,2722,2724,2721&#8243; img_size=&#8220;full&#8220;][/vc_column][/vc_row][vc_row row_type=&#8220;row&#8220; use_row_as_full_screen_section=&#8220;no&#8220; type=&#8220;full_width&#8220; angled_section=&#8220;no&#8220; text_align=&#8220;left&#8220; background_image_as_pattern=&#8220;without_pattern&#8220; css_animation=&#8220;&#8220; z_index=&#8220;&#8220; padding_top=&#8220;15&#8243; css=&#8220;.vc_custom_1580848697376{padding-bottom: 20px !important;background-color: #efe7c9 !important;}&#8220; padding_bottom=&#8220;10&#8243;][vc_column width=&#8220;1/3&#8243;][vc_single_image image=&#8220;2881&#8243; img_size=&#8220;full&#8220; qode_css_animation=&#8220;&#8220;][/vc_column][vc_column width=&#8220;1/3&#8243;][vc_single_image image=&#8220;2723&#8243; img_size=&#8220;full&#8220; qode_css_animation=&#8220;&#8220;][/vc_column][vc_column width=&#8220;1/3&#8243;][vc_single_image image=&#8220;2629&#8243; img_size=&#8220;full&#8220; qode_css_animation=&#8220;&#8220;][/vc_column][/vc_row][vc_row row_type=&#8220;row&#8220; use_row_as_full_screen_section=&#8220;no&#8220; type=&#8220;full_width&#8220; angled_section=&#8220;no&#8220; text_align=&#8220;left&#8220; background_image_as_pattern=&#8220;without_pattern&#8220; css_animation=&#8220;&#8220; z_index=&#8220;&#8220; css=&#8220;.vc_custom_1579951345852{background-color: #f0f0f0 !important;}&#8220;][vc_column width=&#8220;1/2&#8243; css=&#8220;.vc_custom_1579951474090{margin-left: 0px !important;}&#8220;][vc_single_image image=&#8220;2742&#8243; img_size=&#8220;full&#8220; qode_css_animation=&#8220;&#8220;][/vc_column][vc_column width=&#8220;1/2&#8243; css=&#8220;.vc_custom_1579951554525{margin-left: 10px !important;padding-right: 25px !important;}&#8220;][vc_empty_space height=&#8220;20px&#8220;][vc_column_text css=&#8220;.vc_custom_1579817772510{padding-top: 20px !important;padding-bottom: 20px !important;}&#8220;]
<h2>Eisspezialitäten aus eigener Herstellung</h2>
[/vc_column_text][vc_column_text css=&#8220;.vc_custom_1580891123493{padding-right: 10px !important;}&#8220;]
<div class="ce_text block">
<p class="Text">Zum Dessert empfehlen wir Ihnen unser Speiseeis, dass ebenfalls schon seit zwei Generationen bei uns im Haus hergestellt wird. Wir verwenden für die Herstellung Bio-Milch vom ortsansässigen Landgut Pretschen GmbH.</p>
<p class="Text">Genießen Sie eine große Auswahl verschiedenster Eissorten und lassen Sie sich lecker erfrischen. Auf unserer Eiskarte finden Sie verschiedene Eisbecher-Varianten, da ist sicher auch etwas für Ihren Geschmack dabei.</p>
</div>
[/vc_column_text][/vc_column][vc_column][/vc_column][/vc_row]


<p></p>

<p>[vc_row row_type=&#8220;row&#8220; use_row_as_full_screen_section=&#8220;no&#8220; type=&#8220;full_width&#8220; angled_section=&#8220;no&#8220; text_align=&#8220;left&#8220; background_image_as_pattern=&#8220;without_pattern&#8220; css_animation=&#8220;&#8220; z_index=&#8220;&#8220;][vc_column][vc_gallery interval=&#8220;5&#8243; images=&#8220;2694,2697,2637,2634&#8243; img_size=&#8220;medium&#8220; onclick=&#8220;&#8220;][/vc_column][vc_column][vc_column_text] Gasthaus Döring [/vc_column_text][vc_empty_space height=&#8220;20px&#8220;][/vc_column][/vc_row][vc_row row_type=&#8220;row&#8220; use_row_as_full_screen_section=&#8220;no&#8220; type=&#8220;full_width&#8220; angled_section=&#8220;no&#8220; text_align=&#8220;left&#8220; background_image_as_pattern=&#8220;without_pattern&#8220; css_animation=&#8220;&#8220; z_index=&#8220;&#8220; css=&#8220;.vc_custom_1579921355481{margin-top: 20px !important;margin-right: 25px !important;margin-left: 25px !important;}&#8220;][vc_column width=&#8220;1/2&#8243;][vc_column_text]Das Gasthaus Döring ist ein Familienbetrieb in der zweiten Generation und befindet sich&#8230;</p>
